-11). Is 177/q*3*-314 a composite number?
True
Suppose -11*x = -2*x + 1458. Is x/30 - -5 - 11194/(-10) prime?
False
Let i(f) = 169*f**2 + 160*f**2 - 56*f**2 + 7*f**2 + 11*f + 11. Is i(4) composite?
True
Suppose -26*l + 561451 = -10*l - 5*l. Is l a composite number?
True
Let q(j) = -2*j**2 - 10*j - 5. Let f = 84 - 88. Let x be q(f). Suppose -4*m - 5*l = -4386, 5*m - x*l = 3*m + 2204. Is m a prime number?
False
Suppose 0 + 12 = 2*u. Suppose 8917 = u*a - 15521. Is a prime?
True
Is (-594015)/(-10) + (-16)/32 prime?
False
Suppose -5*l = -f - 1388, 0 = -20*l + 21*l + f - 274. Is l a composite number?
False
Suppose 0 = 5*z - 9 + 89. Let y = z + 19. Suppose 0 = -4*h + 4*i + 620, y*h + 2*i - 481 = -3*i. Is h a prime number?
True
Suppose s + 11 = 5*w - 3, 4*w + 4*s - 16 = 0. Let t(h) = -w*h - 10*h**2 + 4*h**3 + 7*h + 17 - 38. Is t(7) composite?
True
Let g(w) = -52*w**3 - 5*w**2 - 5*w + 1. Suppose -2*s + 18 = -4*o - 0*s, 19 = 3*o + 5*s. Is g(o) a composite number?
True
Let i be 9/(-3) + -221 - 2. Suppose -6*o - 231 = -3*o. Let b = o - i. Is b a composite number?
False
Let s(m) = -2870*m + 4089. Is s(-8) a prime number?
False
Suppose -2778 = 2*h - 20406. Suppose h = 2*m - 13300. Is m a prime number?
True
Suppose -5*m = -3*m - 5*y - 239, 0 = 5*m + 5*y - 685. Suppose -3*q + m = 90. Is ((-35)/q)/(1/(-758)) prime?
False
Let n be (-15 - -21)*(-18)/(-4). Suppose -n*f = -30*f + 1101. Is f composite?
False
Suppose -t + 42 = 43. Is 27962/44 + (-1)/(-2)*t a composite number?
True
Suppose 10*p - 33 = 17. Suppose 3*o = -4*i + 14539, -5909 = -5*i - p*o + 12271. Is i a composite number?
False
Let n = 154221 + -11384. Is n a prime number?
True
Suppose u - l = 101586, l - 19735 - 81837 = -u. Is u prime?
False
Suppose -25*q + 5215747 = -12426315 + 2461887. Is q a prime number?
False
Let a be (164 + 5)/(1/11). Let m be 2/(-3) - 28*2/(-12). Suppose 287 = -m*w + a. Is w prime?
False
Let j be (-4)/((-10)/75*-3). Let o be (-54)/j - (-2)/(-5). Suppose 3*h = -2*h + 4*w + 5601, 0 = -o*w - 20. Is h a prime number?
True
Suppose 5*i = 6*i - 5434. Suppose -556 = -5*c + i. Is c a composite number?
True
Let z be 14*(-1)/(21/(-6)). Suppose 0 = 2*y + z*g - 28, 5*g - 2*g = 15. Suppose -28 = -3*l + m + 747, y*m - 8 = 0. Is l prime?
False
Let j(z) = z**3 - 8*z**2 + 5*z - 6. Let h be j(8). Suppose 0 = -5*u + h*u - 176929. Is u a composite number?
False
Suppose 1367 = 34*w - 371260 - 1279195. Is w a prime number?
False
Let i = -183 - 882. Suppose -19*c - 2006 = -18*c. Let p = i - c. Is p composite?
False
Suppose -18*w + 24*w = 0, 2*n = 3*w - 1676. Suppose -3 = f - 19. Is n*(-2)/(f/20) a composite number?
True
Suppose 1460*l - 1463*l + 29829 = 0. Is l a composite number?
True
Let f be (-17393)/(-7) + (5 - (-330)/(-70)). Let c = f - 1026. Is c a composite number?
False
Let a = -97419 - -163222. Is a composite?
True
Let d be 9 + -4 + (0 - 0). Suppose -26 = -2*y + d*i, 5*y - 4*i - 29 - 2 = 0. Suppose 0 = -3*t - 5*o - 573 + 1546, t = -y*o + 319. Is t a prime number?
True
Let a(q) = 38*q**2 + 6*q + 7. Let f be 8/(-36) + (-2128)/144. Is a(f) a composite number?
False
Let j(b) = b**2 - 35*b + 75. Let f be j(33). Is 24/f*3735/6 + -3 prime?
True
Suppose -4 = -2*q - u, -5*q = -u - 2*u + 1. Let t(o) = o - 1. Let c(b) = -63*b + 26. Let j(r) = q*c(r) - 3*t(r). Is j(-10) composite?
True
Let r = 25 + -14. Let w(s) = -16*s**2 + 26*s + 3. Let m(p) = -13*p**2 + 25*p + 4. Let q(z) = 5*m(z) - 4*w(z). Is q(r) a prime number?
False
Suppose -4*b = 4*b - 45976. Suppose 2*j - b = -1525. Is j a composite number?
False
Is ((-62743)/5)/((-240)/80*1/15) a prime number?
True
Let p be ((-9)/(-4))/((-3)/(-4)). Suppose 1736 = 4*g + 5*y, p*g - y = 1181 + 102. Suppose 2*c + g = 2243. Is c a composite number?
False
Let i = -25658 + 50229. Is i prime?
True
Let c be (-42)/(-3) + -4 + 1. Let g be (-6 + 6 - -3190)/(-1 - -3). Suppose c*p - 6*p = g. Is p a prime number?
False
Let g(p) = p**3 + 6*p**2 + 2*p + 17. Let n be g(-6). Suppose c + 677 + 267 = y, -c + 4720 = n*y. Let r = -357 + y. Is r prime?
True
Let s(k) = 8469*k - 1669. Is s(8) a composite number?
False
Let v(q) = -1999*q**3 - 27*q**2 - 14*q + 7. Is v(-4) a prime number?
False
Let i = 371887 + -183710. Is i a prime number?
False
Let f = -8 - -90. Let h = -166 - f. Let s = h - -499. Is s composite?
False
Let n(d) = 22*d**2 - 2*d - 1. Suppose 49 = 4*c + 41. Suppose 5 = j + c*l, j - 2*l = 3*j - 8. Is n(j) a composite number?
False
Let p(f) = -25*f**3 + 9*f**2 + 3*f - 7. Let l be p(-7). Let k = l - 4949. Is k a prime number?
False
Suppose 10*a - 3 - 27 = 0. Suppose a*w - 5*w - 2 = 0. Is ((-4)/(-6) + w)/(2/(-18978)) prime?
True
Let w be (-7)/((-28)/4) + 5. Is (55/20 - 3)/(w/(-87816)) a composite number?
False
Let m(j) = 35089*j + 8. Let o be m(9). Suppose 0 = 8*y - o - 16775. Is y a prime number?
False
Let n be (-5 + 0)/5 + 2 + 385. Let c = n - 192. Is c a prime number?
False
Let m(s) = 4272*s**2 + 1. Is m(2) composite?
True
Let y = 645 - 216. Suppose 4*c - y = -w, 4*w + c + 2*c = 1651. Suppose 4*u = -u, -g - u + w = 0. Is g composite?
False
Is (44571/9)/((65/(-130))/((-3)/2)) a prime number?
False
Suppose 3*l - l = 5*x - 29240, -20 = 4*l. Let g = x - 3379. Is g composite?
False
Suppose -3*d + 17 - 11 = 0. Let n(v) = 7 + 2*v**d - 778*v**3 - 3*v**2 + 764*v**3. Is n(-4) a composite number?
False
Let i(a) be the second derivative of 69*a**3 - 433*a**2/2 + 20*a - 3. Is i(6) a composite number?
True
Is (-28)/(-385)*4550470 + 3/(-11) composite?
False
Let r = -5504182 - -8539025. Is r a prime number?
False
Is 11106445/21*6/10 + -6 a composite number?
False
Suppose -9*j - j = -31970. Let i = j + -2230. Is i prime?
True
Let f(g) = 81*g**2 + 3*g + 1. Let y(n) = 10*n**3 - 2*n**2 + n + 2. Let s be y(-1). Is f(s) prime?
True
Suppose v = -283*o + 285*o - 78129, -5*v - 195310 = -5*o. Is o composite?
True
Suppose 0 = 5*d + 5*w - 40, 3 - 4 = -2*d + w. Suppose 4*u = 0, -d*u - u + 82 = 2*l. Let o = l + 285. Is o composite?
True
Let m(u) = -u**3 + 26*u**2 + u - 23. Let t be m(26). Suppose -3039 = -p - n, 0*p + 2*p - t*n = 6088. Is p a composite number?
False
Let f = 30255 + 55216. Is f composite?
True
Is (-65)/78 - (0 + 1998119/(-2))/3 prime?
True
Let t(o) = -1627*o + 26. Let b be t(-6). Suppose 3*h - b = -2567. Is h prime?
False
Let i be 6/(-2 - (-1 + -4)). Suppose -o = 3*b + 2737, -3646 = 7*b - 3*b + i*o. Let x = b - -2275. Is x a prime number?
True
Let b(y) = -322*y + 6. Let g be b(-10). Suppose 0 = 7*f - 14027 + g. Is f prime?
True
Let p be 0 - ((-3)/9*-33 - 2). Let s be (-4)/((-24)/27)*816/p. Is (s/36)/(2/(-39)) a composite number?
True
Suppose -12*p + 18*p - 26724 = 0. Let u = p - 1255. Is u a prime number?
False
Suppose -2*b - 30*b = -361345 - 264671. Is b a prime number?
False
Suppose -23*x + m + 17598360 = -5898914, -4*x + 4086448 = -4*m. Is x a prime number?
True
Suppose -5*r - 25 = 0, 25*r = -5*h + 29*r + 238825. Is h a composite number?
True
Let h(d) = d**3 + 15*d + 23. Let g(f) = f**3 - f**2 + 16*f + 23. Let v(p) = 2*g(p) - 3*h(p). Let l be (-4 - (-152)/36) + (-184)/18. Is v(l) composite?
False
Suppose 9*y + 16 = 17*y. Is 2/y*614/2 composite?
False
Let a(k) = 2956*k**2 + k + 1. Let p be a(-2). Is 4/4*p/3 a composite number?
True
Is 5*36/15 + 18793 a prime number?
False
Let l(z) = z**3 + 4*z**2 + 2*z - 3. Let r be l(1). Let d be 0/((-2)/(-1)) - -261. Suppose p = 2*b + d, -3*b + 823 = r*p - 166. Is p composite?
False
Suppose 319870 = 5*k - 5*s, -14*k + 2*s + 191925 = -11*k. Is k prime?
True
Suppose 4*k = -20, 4*r - 67 = k + 2. Suppose 5*f = -2*n - 2*n + r, -5*n = -2*f + 13. Is (36 + 1)*(-62)/2*n composite?
True
Suppose 0 = 4*c - 2*z - 130, -z + 125 = 4*c - 2*z. Suppose 5*y - c = 15. Suppose y*m + 35315 = 16*m. Is m a prime number?
False
Suppose -u + 14*k + 42289 = 17*k, 7*k = 5*u - 211357. Is u composite?
True
Let l(j) = 290*j - 177. Let h be 3*(616/24)/7. Is l(h) a composite number?
True
Let k be (2882/66)/((-1)/(-18)). Let d = k - 479. Is d a prime number?
True
Let a = 17 - 14. Let n be (-4 - 2778/a) + -3. Let j = 3374 + n. Is j prime?
True
Suppose 51 + 39 = -15*n. Let m(o) = -21*o**3 - 11*o**2 - 17*o - 5. Is m(n) a composite number?
True
Let x(b) = 57304*b + 681. Is x(4) a prime number?
True
Suppose -1314 + 13140 = 2*h - s, h + 5*s = 5924. Let m = -3015 + h. Is m composite?
True
